{"id":23,"date":"2026-04-21T20:00:07","date_gmt":"2026-04-21T20:00:07","guid":{"rendered":"https:\/\/neustart.tech\/?page_id=23"},"modified":"2026-04-21T20:00:07","modified_gmt":"2026-04-21T20:00:07","slug":"standort","status":"publish","type":"page","link":"https:\/\/neustart.tech\/?page_id=23","title":{"rendered":"Standort"},"content":{"rendered":"<p class=\"ev-intro\">Unser Heimatstandort ist das ehemalige Bahnbetriebswerk W\u00fcrzburg \u2013 zentral gelegen, mit guter Anbindung und einer bewegten Eisenbahngeschichte.<\/p>\n<h2>Werkstatt W\u00fcrzburg<\/h2>\n<p>Im ehemaligen Bahnbetriebswerk W\u00fcrzburg befindet sich der Eurovapor-Dampflokst\u00fctzpunkt. Hier k\u00fcmmert sich eine Interessengemeinschaft motivierter Helfer um die Instandhaltung und Instandsetzung unserer historischen Fahrzeuge sowie um deren Betrieb.<\/p>\n<h3>Geschichtlicher R\u00fcckblick<\/h3>\n<p>Das Bw W\u00fcrzburg war \u00fcber Jahrzehnte eine wichtige Heimatdienststelle f\u00fcr Dampflokomotiven der Baureihen 38, 64, 86 und viele weitere. Lokomotiven der BR 64 \u2013 wie unsere 64 518 \u2013 waren hier jahrzehntelang im Einsatz. Nach dem Ende der Dampflokzeit bei der Deutschen Bundesbahn blieb das Bahnbetriebswerk baulich erhalten und bietet uns heute die ideale Heimat.<\/p>\n<h2>Historischer Standort Heilbronn<\/h2>\n<p>Bis in die 1980er Jahre war auch Heilbronn ein wichtiger Standort der Eurovapor in Deutschland. Viele unserer Fahrzeuge haben hier Station gemacht.<\/p>\n","protected":false},"excerpt":{"rendered":"<p>Unser Heimatstandort ist das ehemalige Bahnbetriebswerk W\u00fcrzburg \u2013 zentral gelegen, mit guter Anbindung und einer bewegten Eisenbahngeschichte. Werkstatt W\u00fcrzburg Im ehemaligen Bahnbetriebswerk W\u00fcrzburg befindet&hellip; <a class=\"more-link\" href=\"https:\/\/neustart.tech\/?page_id=23\">Continue reading <span class=\"screen-reader-text\">Standort<\/span><\/a><\/p>\n","protected":false},"author":1,"featured_media":0,"parent":0,"menu_order":0,"comment_status":"closed","ping_status":"closed","template":"","meta":{"footnotes":""},"class_list":["post-23","page","type-page","status-publish","hentry","entry"],"_links":{"self":[{"href":"https:\/\/neustart.tech\/index.php?rest_route=\/wp\/v2\/pages\/23","targetHints":{"allow":["GET"]}}],"collection":[{"href":"https:\/\/neustart.tech\/index.php?rest_route=\/wp\/v2\/pages"}],"about":[{"href":"https:\/\/neustart.tech\/index.php?rest_route=\/wp\/v2\/types\/page"}],"author":[{"embeddable":true,"href":"https:\/\/neustart.tech\/index.php?rest_route=\/wp\/v2\/users\/1"}],"replies":[{"embeddable":true,"href":"https:\/\/neustart.tech\/index.php?rest_route=%2Fwp%2Fv2%2Fcomments&post=23"}],"version-history":[{"count":0,"href":"https:\/\/neustart.tech\/index.php?rest_route=\/wp\/v2\/pages\/23\/revisions"}],"wp:attachment":[{"href":"https:\/\/neustart.tech\/index.php?rest_route=%2Fwp%2Fv2%2Fmedia&parent=23"}],"curies":[{"name":"wp","href":"https:\/\/api.w.org\/{rel}","templated":true}]}}