{"id":25,"date":"2026-04-21T20:00:07","date_gmt":"2026-04-21T20:00:07","guid":{"rendered":"https:\/\/neustart.tech\/?page_id=25"},"modified":"2026-04-21T20:00:07","modified_gmt":"2026-04-21T20:00:07","slug":"fahrten","status":"publish","type":"page","link":"https:\/\/neustart.tech\/?page_id=25","title":{"rendered":"Fahrten"},"content":{"rendered":"<p class=\"ev-intro\">Ob Pendelfahrt auf der Mainschleifenbahn oder gro\u00dfe Rundfahrt durchs Werntal \u2013 erleben Sie Dampf-Nostalgie hautnah.<\/p>\n<h2>Fahrtenprogramm<\/h2>\n<p>Unser aktuelles Fahrtenprogramm finden Sie in der Seitenleiste. Hier eine \u00dcbersicht unserer Einsatzarten:<\/p>\n<h3>Pendelfahrten<\/h3>\n<p>Kurzstrecken-Dampffahrten, ideal f\u00fcr Familien und Gelegenheits-Dampffans. Oft im Rahmen von Veranstaltungen anderer Vereine.<\/p>\n<h3>Rundfahrten<\/h3>\n<p>Tagesfahrten durch Franken, den Spessart, das Werntal und weitere landschaftlich reizvolle Strecken \u2013 h\u00e4ufig in Kooperation mit GleisGl\u00fcck UG.<\/p>\n<h3>Mainschleifenbahn<\/h3>\n<p>Unsere \u201eHausstrecke\u201c \u2013 die Mainschleifenbahn zwischen Seligenstadt und Volkach-Astheim. Eine der sch\u00f6nsten Nebenbahnen Frankens.<\/p>\n<h3>Fahrzeugschau<\/h3>\n<p>Einmal im Jahr \u00f6ffnen wir unsere Werkstatttore in W\u00fcrzburg f\u00fcr die \u00d6ffentlichkeit \u2013 ein Pflichttermin f\u00fcr alle Eisenbahnfreunde.<\/p>\n","protected":false},"excerpt":{"rendered":"<p>Ob Pendelfahrt auf der Mainschleifenbahn oder gro\u00dfe Rundfahrt durchs Werntal \u2013 erleben Sie Dampf-Nostalgie hautnah. Fahrtenprogramm Unser aktuelles Fahrtenprogramm finden Sie in der Seitenleiste.&hellip; <a class=\"more-link\" href=\"https:\/\/neustart.tech\/?page_id=25\">Continue reading <span class=\"screen-reader-text\">Fahrten<\/span><\/a><\/p>\n","protected":false},"author":1,"featured_media":0,"parent":0,"menu_order":0,"comment_status":"closed","ping_status":"closed","template":"","meta":{"footnotes":""},"class_list":["post-25","page","type-page","status-publish","hentry","entry"],"_links":{"self":[{"href":"https:\/\/neustart.tech\/index.php?rest_route=\/wp\/v2\/pages\/25","targetHints":{"allow":["GET"]}}],"collection":[{"href":"https:\/\/neustart.tech\/index.php?rest_route=\/wp\/v2\/pages"}],"about":[{"href":"https:\/\/neustart.tech\/index.php?rest_route=\/wp\/v2\/types\/page"}],"author":[{"embeddable":true,"href":"https:\/\/neustart.tech\/index.php?rest_route=\/wp\/v2\/users\/1"}],"replies":[{"embeddable":true,"href":"https:\/\/neustart.tech\/index.php?rest_route=%2Fwp%2Fv2%2Fcomments&post=25"}],"version-history":[{"count":0,"href":"https:\/\/neustart.tech\/index.php?rest_route=\/wp\/v2\/pages\/25\/revisions"}],"wp:attachment":[{"href":"https:\/\/neustart.tech\/index.php?rest_route=%2Fwp%2Fv2%2Fmedia&parent=25"}],"curies":[{"name":"wp","href":"https:\/\/api.w.org\/{rel}","templated":true}]}}