{"id":29,"date":"2026-04-21T20:00:08","date_gmt":"2026-04-21T20:00:08","guid":{"rendered":"https:\/\/neustart.tech\/?page_id=29"},"modified":"2026-04-21T20:00:08","modified_gmt":"2026-04-21T20:00:08","slug":"impressum","status":"publish","type":"page","link":"https:\/\/neustart.tech\/?page_id=29","title":{"rendered":"Impressum"},"content":{"rendered":"<h2>Anbieter<\/h2>\n<p>Eurovapor Deutschland gGmbH<br \/>\nBahnbetriebswerk W\u00fcrzburg<br \/>\n97074 W\u00fcrzburg<\/p>\n<h2>Kontakt<\/h2>\n<p>E-Mail: <em>bitte eintragen<\/em><br \/>\nTelefon: <em>bitte eintragen<\/em><\/p>\n<h2>Vertretungsberechtigte<\/h2>\n<p><em>Gesch\u00e4ftsf\u00fchrung hier eintragen.<\/em><\/p>\n<h2>Haftungshinweis<\/h2>\n<p><em>Standard-Haftungstext f\u00fcr Links und Inhalte hier einf\u00fcgen.<\/em><\/p>\n","protected":false},"excerpt":{"rendered":"<p>Anbieter Eurovapor Deutschland gGmbH Bahnbetriebswerk W\u00fcrzburg 97074 W\u00fcrzburg Kontakt E-Mail: bitte eintragen Telefon: bitte eintragen Vertretungsberechtigte Gesch\u00e4ftsf\u00fchrung hier eintragen. Haftungshinweis Standard-Haftungstext f\u00fcr Links und&hellip; <a class=\"more-link\" href=\"https:\/\/neustart.tech\/?page_id=29\">Continue reading <span class=\"screen-reader-text\">Impressum<\/span><\/a><\/p>\n","protected":false},"author":1,"featured_media":0,"parent":0,"menu_order":0,"comment_status":"closed","ping_status":"closed","template":"","meta":{"footnotes":""},"class_list":["post-29","page","type-page","status-publish","hentry","entry"],"_links":{"self":[{"href":"https:\/\/neustart.tech\/index.php?rest_route=\/wp\/v2\/pages\/29","targetHints":{"allow":["GET"]}}],"collection":[{"href":"https:\/\/neustart.tech\/index.php?rest_route=\/wp\/v2\/pages"}],"about":[{"href":"https:\/\/neustart.tech\/index.php?rest_route=\/wp\/v2\/types\/page"}],"author":[{"embeddable":true,"href":"https:\/\/neustart.tech\/index.php?rest_route=\/wp\/v2\/users\/1"}],"replies":[{"embeddable":true,"href":"https:\/\/neustart.tech\/index.php?rest_route=%2Fwp%2Fv2%2Fcomments&post=29"}],"version-history":[{"count":0,"href":"https:\/\/neustart.tech\/index.php?rest_route=\/wp\/v2\/pages\/29\/revisions"}],"wp:attachment":[{"href":"https:\/\/neustart.tech\/index.php?rest_route=%2Fwp%2Fv2%2Fmedia&parent=29"}],"curies":[{"name":"wp","href":"https:\/\/api.w.org\/{rel}","templated":true}]}}